58?
356
Calculate the remainder when 12416 is divided by 49.
19
Calculate the remainder when 252875 is divided by 78.
77
Calculate the remainder when 10135 is divided by 5056.
23
Calculate the remainder when 4582 is divided by 27.
19
Calculate the remainder when 10902 is divided by 603.
48
Calculate the remainder when 2953 is divided by 327.
10
Calculate the remainder when 120262 is divided by 562.
556
What is the remainder when 93174 is divided by 473?
466
What is the remainder when 6537270 is divided by 545?
540
Calculate the remainder when 7502 is divided by 36.
14
Calculate the remainder when 665 is divided by 94.
7
What is the remainder when 97424 is divided by 206?
192
What is the remainder when 5691 is divided by 2129?
1433
Calculate the remainder when 11695 is divided by 78.
73
What is the remainder when 61317 is divided by 133?
4
What is the remainder when 284539 is divided by 164?
163
Calculate the remainder when 803 is divided by 367.
69
Calculate the remainder when 1047 is divided by 937.
110
What is the remainder when 133934 is divided by 43?
32
What is the remainder when 4982 is divided by 17?
1
Calculate the remainder when 3122 is divided by 220.
42
What is the remainder when 26994 is divided by 8991?
21
Calculate the remainder when 924 is divided by 306.
6
What is the remainder when 35975 is divided by 103?
28
What is the remainder when 84309 is divided by 13?
4
What is the remainder when 55765 is divided by 31?
27
Calculate the remainder when 1007746 is divided by 903.
901
Calculate the remainder when 3015 is divided by 113.
77
Calculate the remainder when 8614 is divided by 955.
19
Calculate the remainder when 19875 is divided by 542.
363
What is the remainder when 348765 is divided by 348761?
4
Calculate the remainder when 4772 is divided by 53.
2
What is the remainder when 84909 is divided by 58?
55
Calculate the remainder when 353 is divided by 97.
62
Calculate the remainder when 62788 is divided by 413.
12
Calculate the remainder when 176141 is divided by 4.
1
Calculate the remainder when 1886 is divided by 18.
14
What is the remainder when 697 is divided by 612?
85
Calculate the remainder when 5796 is divided by 5751.
45
What is the remainder when 458013 is divided by 104?
101
What is the remainder when 3337891 is divided by 423?
421
What is the remainder when 7078 is divided by 102?
40
Calculate the remainder when 27892 is divided by 279.
271
What is the remainder when 8603 is divided by 202?
119
Calculate the remainder when 729845 is divided by 18.
17
What is the remainder when 5176 is divided by 1430?
886
Calculate the remainder when 2759 is divided by 161.
22
Calculate the remainder when 1095 is divided by 108.
15
What is the remainder when 446282 is divided by 63?
53
Calculate the remainder when 183373 is divided by 91682.
9
Calculate the remainder when 48772 is divided by 22.
20
Calculate the remainder when 2308 is divided by 9.
4
What is the remainder when 572906 is divided by 657?
2
What is the remainder when 296140 is divided by 14?
12
Calculate the remainder when 649378 is divided by 15.
13
Calculate the remainder when 11927 is divided by 137.
8
Calculate the remainder when 553553 is divided by 201.
200
What is the remainder when 5311 is divided by 608?
447
Calculate the remainder when 243412 is divided by 547.
544
What is the remainder when 25065 is divided by 59?
49
What is the remainder when 25609 is divided by 81?
13
Calculate the remainder when 71111 is divided by 37.
34
Calculate the remainder when 1094784 is divided by 9.
6
Calculate the remainder when 227 is divided by 10.
7
What is the remainder when 1098092 is divided by 366028?
8
What is the remainder when 46321 is divided by 23?
22
Calculate the remainder when 2578 is divided by 90.
58
What is the remainder when 518 is divided by 310?
208
Calculate the remainder when 7578 is divided by 7574.
4
Calculate the remainder when 33550 is divided by 8370.
70
What is the remainder when 2736143 is divided by 93?
83
Calculate the remainder when 1252 is divided by 283.
120
Calculate the remainder when 2291 is divided by 137.
99
What is the remainder when 10600 is divided by 5274?
52
Calculate the remainder when 13111 is divided by 1309.
21
Calculate the remainder when 3392499 is divided by 115.
114
What is the remainder when 2550 is divided by 126?
30
What is the remainder when 1101497 is divided by 6?
5
Calculate the remainder when 60549 is divided by 522.
519
What is the remainder when 942 is divided by 27?
24
What is the remainder when 109308 is divided by 130?
108
Calculate the remainder when 9769 is divided by 88.
1
What is the remainder when 30509 is divided by 6087?
74
Calculate the remainder when 40234 is divided by 4470.
4
What is the remainder when 46093 is divided by 105?
103
What is the remainder when 1696570 is divided by 54?
52
What is the remainder when 20445 is divided by 81?
33
What is the remainder when 2692370 is divided by 11?
10
What is the remainder when 678 is divided by 72?
30
Calculate the remainder when 18335 is divided by 1348.
811
What is the remainder when 7638 is divided by 32?
22
What is the remainder when 2443529 is divided by 1781?
1778
Calculate the remainder when 18934 is divided by 14.
6
Calculate the remainder when 125905 is divided by 401.
392
What is the remainder when 91716 is divided by 24?
12
Calculate the remainder when 139497 is divided by 182.
85
What is the remainder when 70140 is divided by 39?
18
What is the remainder when 44871 is divided by 528?
519
What is the remainder when 86897 is divided by 98?
69
What is the remainder when 3428 is divided by 954?
566
Calculate the remainder when 84955 is divided by 42411.
133
What is the remainder when 133268 is divided by 44401?
65
What is the remainder when 21428 is divided by 565?
523
What is the remainder when 5825 is divided by 194?
5
What is the remainder when 14629 is divided by 19?
18
Calculate the remainder when 18903 is divided by 54.
3
What is the remainder when 2762 is divided by 322?
186
Calculate the remainder when 51671 is divided by 29.
22
What is the remainder when 630 is divided by 60?
30
Calculate the remainder when 187244 is divided by 9.
8
Calculate the remainder when 1234 is divided by 262.
186
Calculate the remainder when 20715 is divided by 1883.
2
Calculate the remainder when 2034 is divided by 848.
338
Calculate the remainder when 22946 is divided by 85.
81
Calculate the remainder when 2119 is divided by 2085.
34
What is the remainder when 11621 is divided by 2869?
145
Calculate the remainder when 2011 is divided by 262.
177
What is the remainder when 15311 is divided by 1019?
26
What is the remainder when 62571 is divided by 43?
6
What is the remainder when 14282 is divided by 833?
121
What is the remainder when 7077 is divided by 177?
174
What is the remainder when 328269 is divided by 4559?
21
What is the remainder when 13543 is divided by 902?
13
What is the remainder when 139826 is divided by 165?
71
Calculate the remainder when 8109 is divided by 1349.
15
Calculate the remainder when 9506 is divided by 752.
482
What is the remainder when 78491 is divided by 19621?
7
Calculate the remainder when 731 is divided by 142.
21
What is the remainder when 1715 is divided by 1638?
77
Calculate the remainder when 12979 is divided by 3242.
11
Calculate the remainder when 13437 is divided by 14.
11
What is the remainder when 3706 is divided by 370?
6
Calculate the remainder when 6072 is divided by 53.
30
Calculate the remainder when 217545 is divided by 2444.
29
What is the remainder when 4159 is divided by 200?
159
What is the remainder when 154624 is divided by 16?
0
What is the remainder when 19974 is divided by 235?
234
What is the remainder when 3067 is divided by 272?
75
What is the remainder when 534485 is divided by 33?
17
What is the remainder when 29191 is divided by 41?
40
What is the remainder when 6032 is divided by 334?
20
Calculate the remainder when 84042 is divided by 34.
28
What is the remainder when 78654 is divided by 811?
798
What is the remainder when 4901 is divided by 1605?
86
Calculate the remainder when 9153 is divided by 417.
396
What is the remainder when 1766 is divided by 522?
200
What is the remainder when 3468 is divi